n base 7, what is -2416 - 43023?
-45442
In base 5, what is 32311022203 + -4?
32311022144
In base 4, what is 11 + -130122333321?
-130122333310
In base 13, what is -1192a77 + -3?
-1192a7a
In base 2, what is 110100111 + 110010111011110?
110011110000101
In base 8, what is 5315100 + -35?
5315043
In base 14, what is 141ad + 404b?
1821a
In base 2, what is -11000111001111 - 1011111010?
-11010011001001
In base 6, what is -3 + 421543253?
421543250
In base 6, what is 335150 + -4012?
331134
In base 14, what is 173b + 55?
1792
In base 14, what is -1 + -b35197?
-b35198
In base 4, what is 0 - 20002000101213?
-20002000101213
In base 7, what is 30134 - 31360?
-1223
In base 7, what is -42 - -1406460?
1406415
In base 15, what is -2 + -1896b3d6?
-1896b3d8
In base 16, what is -27 + 224ae6?
224abf
In base 13, what is -a40b708 + -5?
-a40b710
In base 12, what is -1183 - 63a9?
-7570
In base 6, what is -201521 + -12422?
-214343
In base 14, what is -1 + 54ca07d?
54ca07c
In base 2, what is 1101000010010010101010 - 111?
1101000010010010100011
In base 16, what is -5b9 - e6ea?
-eca3
In base 5, what is 1341 - 1101243?
-1044402
In base 10, what is -6 - 201697489?
-201697495
In base 2, what is 1 - 10110001110011010001?
-10110001110011010000
In base 12, what is a13227 - 4?
a13223
In base 4, what is 3021232130 - -120?
3021232310
In base 8, what is 15643603 - -6?
15643611
In base 11, what is -4 - 521a6?
-521aa
In base 9, what is 11185621 + -24?
11185586
In base 7, what is -5 + 310134420?
310134412
In base 2, what is -1100001 - -10011101000010101?
10011100110110100
In base 16, what is -21a449 + -47?
-21a490
In base 10, what is -28478 + -4281?
-32759
In base 12, what is a150ab1 + 1?
a150ab2
In base 8, what is 11140130 + 723?
11141053
In base 8, what is 0 + 15473106?
15473106
In base 7, what is 604 + -521024?
-520120
In base 10, what is 546 + -10083?
-9537
In base 7, what is 1020102541 + -4?
1020102534
In base 6, what is 3310252 + -15?
3310233
In base 10, what is 151806959 + -4?
151806955
In base 4, what is -1300020111003 + 11?
-1300020110332
In base 8, what is -2056717 - -41?
-2056656
In base 15, what is -5c + 1933b?
192ce
In base 3, what is 100122211211210 - -1?
100122211211211
In base 11, what is 5 - -9167721?
9167726
In base 7, what is -6 - -264045?
264036
In base 2, what is -1101 - -1011111101000011001011001?
1011111101000011001001100
In base 10, what is 40550156 + -7?
40550149
In base 3, what is -10 - 222000202210101?
-222000202210111
In base 3, what is 0 - 2110112210?
-2110112210
In base 3, what is 121220211 + -1201222102?
-1010001121
In base 11, what is a5752801 + -5?
a57527a7
In base 9, what is -260372403 + 0?
-260372403
In base 10, what is -20980327 - 15?
-20980342
In base 11, what is -10654 + -264?
-10908
In base 12, what is 1294828 - 9?
129481b
In base 4, what is -12131020101 + -130?
-12131020231
In base 15, what is -1 - 9c4a664?
-9c4a665
In base 5, what is -41141 + 103322101?
103230410
In base 10, what is 7 + 4053488?
4053495
In base 8, what is -326 - 36575765?
-36576313
In base 2, what is -111001000110110011110001 - -1?
-111001000110110011110000
In base 5, what is -22411324 - -2431?
-22403343
In base 15, what is 6 + -3c431db?
-3c431d5
In base 4, what is 12003031211131 - 10?
12003031211121
In base 5, what is -1 + 1043031423342?
1043031423341
In base 6, what is -435513402 + -3?
-435513405
In base 8, what is 1755 + 237303?
241260
In base 9, what is -3 + -3484771?
-3484774
In base 4, what is 1 - -113331303002?
113331303003
In base 9, what is 567774852 - -5?
567774857
In base 12, what is 323 + 485a0?
48903
In base 4, what is -11333 + -3033001?
-3111000
In base 10, what is -206 - 1215391?
-1215597
In base 4, what is -1110303201010 + -3?
-1110303201013
In base 16, what is 1a + -640c4?
-640aa
In base 7, what is 264523 + -5453?
256040
In base 5, what is 31 + -23333441?
-23333410
In base 14, what is -25 + -1a302?
-1a327
In base 10, what is 641 - 274278?
-273637
In base 4, what is -2333113030 + -20?
-2333113110
In base 9, what is -133 - 5420512?
-5420645
In base 10, what is -33 - 975970?
-976003
In base 5, what is 13 - 133013321?
-133013303
In base 3, what is 1201000021022021120 + 2?
1201000021022021122
In base 12, what is 68228 + -a95?
67353
In base 13, what is 32 + 1135255?
1135287
In base 13, what is 98c22 + -22?
98c00
In base 2, what is 10111110110110100 + 10101?
10111110111001001
In base 5, what is 202132304201 + -3?
202132304143
In base 2, what is -110010100110101101 - -10011?
-110010100110011010
In base 4, what is -221111033301 + 0?
-221111033301
In base 11, what is 43a6 + -49?
4358
In base 10, what is 108 - 270515?
-270407
In base 14, what is 103b5 + 87?
1045c
In base 14, what is db + 2a4d9?
2a5d6
In base 15, what is 46 + 23e701?
23e747
In base 16, what is 25ab46 - -4?
25ab4a
In base 9, what is 42 + -1454205?
-1454153
In base 15, what is 1490301 + 0?
1490301
In base 3, what is -11 - 110011022200121?
-110011022200202
In base 11, what is 113 + -4913?
-4800
In base 10, what is 4 + 7393255?
7393259
In base 9, what is -527 + -111252?
-111780
In base 5, what is -1102423 + 101331?
-1001042
In base 12, what is -2228b43 - -b?
-2228b34
In base 9, what is 1 - -4724548?
4724550
In base 16, what is -d7e2 - 476?
-dc58
In base 5, what is 14334 - 223423?
-204034
In base 5, what is -21023 + 14013202?
13442124
In base 16, what is 270f5b - -19?
270f74
In base 13, what is 39a - -32c2?
368c
In base 6, what is 45051 + 15?
45110
In base 6, what is 11 + -21341442?
-21341431
In base 16, what is -d33b6 - 13d?
-d34f3
In base 4, what is 1 + 21012323313?
21012323320
In base 7, what is -103061264 - -2?
-103061262
In base 7, what is -111251 - 114545?
-226126
In base 13, what is 23497b1 + 4?
23497b5
In base 6, what is 33150524352 - 2?
33150524350
In base 12, what is -1145 + -700?
-1845
In base 6, what is 151453244 - 4?
151453240
In base 9, what is 4 + 44578470?
44578474
In base 8, what is -622404 - -643?
-621541
In base 2, what is 1110110 + 1110000010111011001000?
1110000010111100111110
In base 11, what is 731506332 + -5?
731506328
In base 14, what is 24 - 1060a2?
-10607c
In base 7, what is -616154 + 1422?
-614432
In base 12, what is -a3b24703 - 0?
-a3b24703
In base 5, what is -2114342144 - 201?
-2114342400
In base 6, what is 4 + 133010044?
133010052
In base 8, what is -57243 + -163?
-57426
In base 3, what is -11011 + -102120010022121?
-102120010110202
In base 7, what is 1124 + 454202?
455326
In base 10, what is 181256 - 882?
180374
In base 9, what is -225 + 772353?
772127
In base 15, what is 2 - 18aecd?
-18aecb
In base 7, what is -26665526 + 10?
-26665516
In base 8, what is -1 - 12413046?
-12413047
In base 5, what is -11241104030 + 3?
-11241104022
In base 13, what is 14 - -28418?
2842c
In base 8, what is 555047 - 345?
554502
In base 9, what is 60223283 - 3?
60223280
In base 13, what is -7 + -1c6a46c?
-1c6a476
In base 5, what is 32 + 10222344?
10222431
In base 7, what is -22633465 - 332?
-22634130
In base 11, what is 4636a274 + -5?
4636a26a
In base 7, what is 1 + -44615022?
-44615021
In base 16, what is 7f19a29 - -2?
7f19a2b
In base 11, what is 1003006a - 5?
10030065
In base 4, what is 3000110 + -20021?
2320023
In base 9, what is 1 - 742147?
-742146
In base 2, what is -1101011000010 - -1010010110000111?
1000101011000101
In base 11, what is 150a03a1 - 6?
150a0396
In base 14, what is 3d + -2d75?
-2d36
In base 2, what is -1011101100011101001100100 - -101?
-1011101100011101001011111
In base 5, what is -2 - -100013023?
100013021
In base 2, what is -11101100100111001110101 + 10?
-11101100100111001110011
In base 6, what is -2 - -325545025?
325545023
In base 2, what is -1000001010010100000101100111 + -10?
-1000001010010100000101101001
In base 15, what is 8 - a62c06?
-a62bed
In base 12, what is 3153 + 3983?
6b16
In base 15, what is 34 - -2b06c?
2b0a1
In base 15, what is -e + 9b5c5?
9b5b6
In base 14, what is a - -335c607?
335c613
In base 13, what is 6baa8b0a + -2?
6baa8b08
In base 3, what is -12010 - 120012110201?
-120012122211
In base 16, what is -1 + -fe4193?
-fe4194
In base 4, what is 12 + 10233332122?
10233332200
In base 14, what is 1a47166 + 5?
1a4716b
In base 2, what is -1000110101110010011 - 101101011011?
-1000111011011101110
In base 16, what is -9b2 - -8bfb?
8249
In base 7, what is -1151042264 - 1?
-